t is -13023 (base 4) in base 14?
-24b
14a (base 14) to base 15
127
What is -224 (base 10) in base 8?
-340
What is 358 (base 9) in base 6?
1212
-3450a (base 11) to base 10
-49862
Convert -200736 (base 8) to base 12.
-32252
632 (base 15) to base 8
2565
What is 123a (base 14) in base 7?
12203
1329 (base 12) to base 8
4221
What is -32620 (base 7) in base 16?
-2005
-223122 (base 5) to base 14
-2c52
Convert -2616 (base 7) to base 3.
-1100210
Convert -229 (base 12) to base 13.
-1b9
What is -1121400 (base 5) in base 4?
-10330001
Convert 493 (base 12) to base 16.
2af
57363 (base 8) to base 16
5ef3
Convert 36 (base 16) to base 13.
42
What is 16404 (base 8) in base 10?
7428
Convert 4877 (base 9) to base 6.
24454
1010001100 (base 2) to base 10
652
What is -4211 (base 9) in base 13?
-1537
What is 111100001 (base 2) in base 11?
3a8
-120 (base 14) to base 16
-e0
Convert 309 (base 14) to base 4.
21111
-25205 (base 6) to base 15
-119e
-353006 (base 7) to base 9
-106042
Convert -184a (base 15) to base 13.
-2506
Convert -a58 (base 15) to base 11.
-1831
What is 10011011110 (base 2) in base 7?
3430
What is -13553 (base 6) in base 10?
-2157
Convert 8b (base 15) to base 11.
10a
What is 13aba (base 13) in base 9?
55665
Convert -402420 (base 5) to base 12.
-7538
81 (base 13) to base 5
410
Convert -1710 (base 16) to base 9.
-8080
Convert -35156 (base 8) to base 2.
-11101001101110
-6303 (base 8) to base 6
-23043
What is 111001011100 (base 2) in base 4?
321130
-675 (base 14) to base 2
-10011111111
What is -1071 (base 8) in base 15?
-27e
What is 111100110011011 (base 2) in base 11?
21431
Convert 3022 (base 5) to base 7.
1062
Convert -100222020 (base 3) to base 4.
-1301211
What is -21202021 (base 3) in base 8?
-13022
What is 903 (base 15) in base 8?
3754
What is -120220 (base 3) in base 10?
-429
What is 3132 (base 5) in base 3?
120110
What is 673 (base 14) in base 4?
103331
Convert 120013 (base 4) to base 7.
4333
Convert 3751 (base 16) to base 6.
145321
What is 10d7 (base 16) in base 4?
1003113
Convert 914 (base 11) to base 8.
2120
Convert -786 (base 13) to base 4.
-110031
Convert ebe (base 16) to base 3.
12011210
480 (base 14) to base 7
2420
-210200 (base 3) to base 7
-1464
What is c53 (base 14) in base 15?
aba
1005 (base 12) to base 15
7a8
What is -211102001 (base 3) in base 10?
-16336
What is 1411 (base 7) in base 12?
397
Convert -879 (base 10) to base 4.
-31233
Convert -100011100001000 (base 2) to base 5.
-1040214
-2012022021 (base 3) to base 15
-cc24
Convert 6856 (base 9) to base 10.
5073
Convert -11000110111 (base 2) to base 3.
-2011221
What is 1465 (base 7) in base 4?
21022
-1122312 (base 4) to base 10
-5814
-10111100100 (base 2) to base 14
-79a
Convert -10001101100 (base 2) to base 11.
-93a
Convert 14bba (base 12) to base 5.
1414444
Convert 247 (base 9) to base 15.
da
What is -205 (base 7) in base 8?
-147
What is 1816 (base 9) in base 12?
980
-1110010100010 (base 2) to base 8
-16242
What is -2152 (base 6) in base 3?
-200112
325c (base 13) to base 4
1231132
What is -8c94 (base 16) in base 15?
-a9e3
Convert 8c7a (base 14) to base 3.
1020111011
What is 1490 (base 10) in base 8?
2722
-788 (base 10) to base 12
-558
What is -6233 (base 8) in base 2?
-110010011011
Convert 1308 (base 9) to base 4.
33110
-9080 (base 11) to base 9
-17487
Convert 11536 (base 7) to base 12.
18b4
Convert 22200 (base 4) to base 8.
1240
50003 (base 6) to base 9
8803
Convert 24233 (base 5) to base 10.
1818
Convert -466 (base 12) to base 13.
-3b4
-323 (base 12) to base 5
-3314
What is -4030 (base 6) in base 10?
-882
Convert 110111111111011 (base 2) to base 13.
10082
Convert -1010111101 (base 2) to base 12.
-4a5
-252 (base 7) to base 8
-207
Convert 7aa (base 14) to base 4.
113302
What is -1864 (base 14) in base 15?
-1485
What is 3220 (base 4) in base 9?
277
Convert 14e (base 15) to base 5.
2144
What is 13d (base 16) in base 9?
382
2d4 (base 16) to base 12
504
Convert -1702 (base 16) to base 9.
-8064
Convert 11111222 (base 3) to base 14.
12b3
Convert 4202 (base 15) to base 10.
13952
-479 (base 14) to base 9
-1200
-1101224 (base 5) to base 9
-27873
Convert -4301 (base 8) to base 13.
-1035
Convert 262 (base 12) to base 9.
442
-101110101101011 (base 2) to base 6
-302415
Convert -202120112 (base 3) to base 2.
-11101010010111
Convert 1102111 (base 3) to base 7.
3013
What is -131210 (base 5) in base 2?
-1010000111100
Convert 1123021 (base 4) to base 6.
43001
Convert 12103 (base 4) to base 8.
623
What is -2011112 (base 3) in base 8?
-3054
141213 (base 5) to base 15
1ac3
Convert 11355 (base 8) to base 15.
1680
Convert 10010011100 (base 2) to base 15.
53a
Convert -40c (base 14) to base 3.
-1002111
Convert 239 (base 10) to base 4.
3233
What is -15315 (base 7) in base 3?
-12212100
What is 2124 (base 8) in base 16?
454
What is -970 (base 11) in base 7?
-3254
What is -103 (base 12) in base 9?
-173
145 (base 8) to base 7
203
Convert -222011202 (base 3) to base 8.
-45212
Convert -1320044 (base 5) to base 2.
-110011010100010
Convert 5300 (base 6) to base 11.
990
-11122111 (base 3) to base 15
-100d
What is -1232332 (base 5) in base 16?
-5e1c
-43032 (base 5) to base 3
-10222010
-22153 (base 7) to base 5
-134300
164 (base 9) to base 11
117
What is -321 (base 9) in base 2?
-100000110
What is 1261 (base 13) in base 8?
5066
-35786 (base 9) to base 7
-126615
What is 304140 (base 6) in base 16?
5ebc
49847 (base 10) to base 3
2112101012
Convert -1855 (base 9) to base 7.
-4106
What is -111001001101 (base 2) in base 3?
-12000121
What is 140513 (base 6) in base 15?
3d69
What is -8230 (base 13) in base 9?
-26557
111001000 (base 3) to base 13
4431
Convert -394 (base 12) to base 5.
-4134
13132022 (base 4) to base 9
45872
Convert -13f (base 16) to base 6.
-1251
-8a2d (base 16) to base 3
-1210112010
b2b (base 13) to base 12
1120
13311 (base 5) to base 15
4c1
Convert -1000010011 (base 2) to base 16.
-213
-813 (base 9) to base 10
-660
Convert -315 (base 14) to base 9.
-744
Convert 1582 (base 11) to base 13.
bcb
What is -a3 (base 11) in base 12?
-95
-111011100 (base 2) to base 4
-13130
Convert -425 (base 7) to base 3.
-21222
2373 (base 11) to base 15
dc0
-10bc (base 13) to base 12
-1440
1997 (base 13) to base 5
110332
Convert -377 (base 14) to base 16.
-2b5
2461 (base 10) to base 11
1938
-20a0 (base 14) to base 8
-12774
What is -8e3 (base 15) in base 14?
-a3b
What is -23212 (base 4) in base 14?
-3b0
What is -26d (base 15) in base 6?
-2321
Convert 132221 (base 4) to base 3.
2200122
-240122 (base 7) to base 11
-2a579
What is 1000011111 (base 3) in base 7?
111511
47167 (base 10) to base 11
3248a
dc5 (base 16) to base 14
13db
Convert 70ca (base 14) to base 16.
4bba
What is 2ba (base 13) in base 6?
2135
Convert -24665 (base 8) to base 10.
-10677
Convert -17138 (base 9) to base 12.
-6998
Convert -2222 (base 4) to base 15.
-b5
Convert 343 (base 8) to base 10.
227
289 (base 16) to base 8
1211
What is -1011011111110111 (base 2) in base 11?
-32424
What is 334 (base 14) in base 7?
1564
What is 2a (base 11) in base 12?
28
Convert 646 (base 9) to base 11.
440
-817 (base 11) to base 14
-506
What is 1029 (base 10) in base 6?
4433
25a5 (base 11) to base 16
d36
What is 14029 (base 11) in base 16?
4e1c
-f0 (base 16) to base 2
-11110000
-56a (base 16) to base 6
-10230
-1211002 (base 4) to base 16
-1942
20222222 (base 3) to base 11
3919
21313032 (base 4) to base 10
40398
What is -321032 (base 4) in base 11?
-282a
-c36 (base 16) to base 2
-110000110110
What is -943 (base 16) in base 11?
-1866
Convert -754 (base 15) to base 2.
-11001110110
What is 3 (base 4) in base 5?
3
Convert 3123 (base 7) to base 2.
10001000111
-1aa3 (base 13) to base 3
-12111220
-137a (base 16) to base 6
-35030
Convert -13423 (base 9) to base 10.
-9093
What is 6625 (base 10) in base 6?
50401
What is -6312 (base 7) in base 6?
-14130
Convert -103125 (base 7) to base 12.
-a440
-18541 (base 9) to base 15
-3c0a
-7434 (base 12) to base 7
-52030
What is 4469 (base 10) in base 5?
120334
What is 61 (base 10) in base 16?
3d
What is 2b (base 12) in base 3?
1022
What is -22121201 (base 3) in base 12?
-3777
Convert -103c (base 13) to base 3.
-10002021
Convert 220213 (base 4) to base 11.
1a53
1163 (base 11) to base 8
2761
What is 10 (base 16) in base 8?
20
Convert -7837 (base 11) to base 16.
-2